n divisor of u and 8?
8
Let d be (3 + 9)/4 + -2. Let k be ((-1)/2)/(2/(-28)). What is the highest common divisor of k and d?
1
Let t(f) = -f**2 + 1. Let z be t(-1). Let x(m) = m + 4. Let s be x(z). Calculate the greatest common factor of 20 and s.
4
Suppose 2*i + 22 = 2*q, -29 = -4*q - 0*q - i. Suppose -2*p + 17 = -3*m - 149, -2 = m. What is the greatest common divisor of q and p?
8
Suppose -4*k = k - 25. What is the greatest common divisor of 15 and k?
5
Let c be 1/((-20)/(-8)) - (-2336)/10. What is the highest common factor of c and 26?
26
Suppose 3*g + 2*f - 5 = 17, -24 = -3*g - 3*f. Suppose 0 = -5*n - 4*p + 248, 4*n - 198 = p - 4*p. Calculate the greatest common divisor of g and n.
6
Suppose -34 = -5*t + 166. Let i(r) = -3*r. Let f be i(-1). Suppose -20 = -f*g + 4. Calculate the greatest common factor of g and t.
8
Suppose 0 = -5*p + d + 21, 0 = -2*d - 0 - 2. Suppose 2*c = p*o - 824, 0 = 2*o + o + 3*c - 627. Calculate the highest common divisor of 23 and o.
23
Let q(l) = -3*l**2 + 7*l - 4. Let h(v) = -4*v**2 + 7*v - 5. Let f(a) = -4*h(a) + 5*q(a). Let t be f(8). What is the greatest common factor of t and 15?
15
Suppose 0 = -0*q + 5*q - 675. Calculate the highest common factor of q and 15.
15
Suppose 0 = -2*s - y + 7, 3*s + 4*y + 14 = 2*s. Suppose -4*q + 10 = -s. What is the greatest common divisor of q and 36?
4
Suppose 2*f = -3*o + 13, -4*o = -f + 6 + 6. Let c = f - -22. Let n(r) = -r**3 - 5*r**2 - 4*r + 3. Let a be n(-4). What is the highest common divisor of a and c?
3
Let m = -100 - -119. Calculate the greatest common factor of m and 209.
19
Let p be (-2 + 1)/((-2)/1720). Suppose -5*f + 1120 = 4*t, 0 = 4*f - 4*t - 0*t - p. Calculate the greatest common factor of 20 and f.
20
Let f = -8 + 11. Let b = -28 - -27. Let g be -2*(-1)/(-1)*b. Calculate the highest common divisor of f and g.
1
Let d(t) be the first derivative of -t**2/2 - 3*t - 1. Let v be d(-7). Let m = 9 - v. What is the highest common factor of m and 20?
5
Suppose 2 = o + 2*j - 18, o - 4*j = 2. Calculate the highest common divisor of o and 21.
7
Let z = 119 - 90. What is the highest common divisor of z and 319?
29
Let h(l) = 3*l - 17. Let i be h(7). Suppose m = 5*m + i, m + 241 = 3*r. Calculate the highest common factor of 16 and r.
16
Let j(z) = 8*z - 2. Let h be j(-10). Let c be 2/(-4) + h/4. Let x be c/(-2) + 2/(-4). What is the greatest common factor of 70 and x?
10
Let c(u) be the third derivative of u**5/60 - u**4/24 - u**2. Let k be c(3). Suppose m + 0*m - 30 = 0. Calculate the highest common factor of k and m.
6
Suppose -3*m = -6*m + 18. Calculate the greatest common factor of 9 and m.
3
Let f(d) = -d**2 - d + 70. Let h be f(0). Suppose 0 = -4*o + 6*o - 36. Let n = o + -8. What is the greatest common factor of n and h?
10
Let d(h) be the third derivative of -h**4/24 + h**3 - 4*h**2. Let j be d(5). Calculate the highest common divisor of j and 7.
1
Suppose 80 = 2*x + 3*x. Suppose 3*b + x = 4*u + 60, -b + 13 = -3*u. Calculate the greatest common factor of 2 and b.
2
Let l = 59 + -39. What is the highest common factor of 8 and l?
4
Let h(z) = 6*z**2 + 4*z. Let d be h(-2). Suppose -d = g - 5*g, 5*u - 5*g = 230. Calculate the highest common divisor of 125 and u.
25
Suppose 0*k - 4*k = -576. Calculate the highest common factor of 16 and k.
16
Let b be 2/(-5) - (-4)/10. Suppose b = -p + 2*p - 96. Suppose 3*a + p = 5*a. Calculate the highest common divisor of a and 8.
8
Suppose -q + 0*q + 8 = -2*t, -t + 6 = 2*q. Let x be (-3)/6*(-16 - t). Let a be 0 + 0/1 - -28. Calculate the highest common factor of a and x.
7
Suppose 0 = -3*i + i. Let q(b) = b**3 + 2*b + 40. Let m be q(i). What is the greatest common divisor of m and 60?
20
Let v = 29 + 2. Suppose -a = -1, -3*a + a - v = -c. Calculate the highest common divisor of c and 3.
3
Let u(k) = k**3 + 6*k**2 + 4*k - 4. Let i be u(-5). Calculate the highest common divisor of i and 8.
1
Let o(r) be the first derivative of 8*r**3/3 - r**2/2 + r + 5. Let b be o(1). Calculate the highest common factor of 8 and b.
8
Let u = -15 + 17. Calculate the greatest common factor of 16 and u.
2
Let q = -15 - -9. Let i(b) = -6*b - 4. Let f be i(q). Calculate the highest common factor of 4 and f.
4
Suppose -2*k = -3 + 17. Let q = k + 6. Let t be 8/3*(q - -13). What is the greatest common factor of 48 and t?
16
Let w be (-3 - -1)*12/(-8). Let p be 3*7/w*1. What is the greatest common factor of p and 63?
7
Suppose -2*y = -0*y - 6, -5*h - 3*y = -669. Suppose l + 20 = -k + h, -424 = -4*k + 2*l. What is the highest common divisor of k and 12?
12
Let k = 253 + -169. Suppose -5*v + 7 = -3. Suppose -3*l + v*z = -28, 0*z - 72 = -5*l - 3*z. What is the greatest common factor of l and k?
12
Let c(s) = -3*s + 5*s**2 + 1 - 3 + 14*s**2. Let q be c(-2). Suppose -q = -3*v - v. What is the highest common factor of 5 and v?
5
Let i = -15 - -18. Suppose -i*k - n + 57 + 50 = 0, 0 = 4*k + n - 143. Let h = -34 + 52. What is the greatest common divisor of h and k?
18
Suppose 2*v - 7*v + 10 = 0. Suppose -6*n + v*n + 104 = 0. Calculate the greatest common divisor of 65 and n.
13
Suppose -3*d - 5*a + 32 = 0, -2*a = -d + 3*a + 24. Calculate the greatest common divisor of 98 and d.
14
Suppose -k + u - 11 = 0, 1 + 2 = 2*k + 3*u. Let h be 3*(-2)/k - -39. Calculate the highest common factor of h and 8.
8
Let n be -4*(2 - 3/1). Suppose 2*s = -q + 144, 2*s + s - 194 = n*q. Calculate the highest common factor of 14 and s.
14
Suppose -3*x = 4*p - 53, -4*p + 92 = -5*x + 31. Calculate the highest common factor of p and 98.
14
Let s(y) = 29*y + 1. Let p be -1*1 - (-6 - -1). Suppose 3*z - 8 - 5 = 2*h, p*z - 22 = -2*h. Let t be s(h). What is the greatest common divisor of 6 and t?
6
Suppose a = 5*x - 60, x + 0 = -2*a + 1. What is the greatest common divisor of x and 22?
11
Let p = -4 - -3. Let y(v) = -4*v**3 - 2*v**2 + 1. Let c be y(p). Let b = -1 - -13. Calculate the highest common factor of b and c.
3
Let a be (-9 + 12)/((-2)/(-66)). What is the greatest common factor of 9 and a?
9
Suppose 0 = 4*c + 14 - 74. Calculate the highest common divisor of c and 165.
15
Let y be 117/2*(-168)/(-36). What is the greatest common divisor of y and 39?
39
Let m(u) = -u**3 - 8*u**2 - 11*u - 10. Let o be (0 - -1 - 0) + -8. Let n be m(o). Calculate the highest common factor of n and 2.
2
Let c = 11 - -12. Calculate the greatest common factor of 92 and c.
23
Let u be (-3)/(-9) - (-138)/18. Calculate the greatest common divisor of 1 and u.
1
Suppose 4*t = -20, 2*n + 5*t - 52 - 13 = 0. What is the greatest common factor of 9 and n?
9
Let c(d) = -5*d + 4. Suppose 0*w - 12 = 4*w. Let y be c(w). What is the highest common divisor of 95 and y?
19
Let g be (1 - 0/3)*0. Let j be 3 - (-28 - g - 2). What is the greatest common factor of j and 22?
11
Suppose -24 + 64 = 5*z. Calculate the highest common divisor of z and 4.
4
Suppose 0 = 4*m - m - 36. Suppose 4*h + m = 5*u - u, -4*u + 5*h + 13 = 0. Calculate the highest common divisor of u and 6.
2
Let m(r) = 4*r**3 + 2*r**2 + 3*r - 3. Suppose -2*w = -3*w + 3. Let b be m(w). Calculate the greatest common divisor of 12 and b.
12
Suppose 0 = -q + 2*q - 13. Suppose -3*a + o + o + 20 = 0, 0 = a + 5*o + 16. Let c(i) = 2*i + 5. Let j be c(a). Calculate the greatest common factor of j and q.
13
Let f(h) = -7*h - 3. Let i be f(-12). Calculate the highest common factor of i and 9.
9
Let i(f) = -f**3 - 2*f**2 + 4*f + 1. Let t be i(-3). Let p be 0/(-5)*t/(-4). Let h be -11*(-1 - p)*8. What is the highest common divisor of 8 and h?
8
Let u = 39 - 23. What is the greatest common factor of 112 and u?
16
Let h(j) = j - 1. Let s(q) = -5*q + 4. Let l(o) = 9*h(o) + 2*s(o). Let d be l(-2). Suppose 2*k = 1 + 5. What is the greatest common divisor of d and k?
1
Suppose 29 = 6*i - 115. Let p(o) = -o**2 + o + 16. Let f be p(0). Calculate the highest common divisor of f and i.
8
Suppose -429 = -4*g + 135. Let v = -66 + g. Suppose 2*p - 5*r - 35 = -0*r, 5*r = -4*p + 55. What is the highest common factor of v and p?
15
Let w = 107 - 57. What is the greatest common divisor of 10 and w?
10
Let p(u) = 3*u - 2. Let s be p(5). What is the highest common divisor of s and 13?
13
Suppose 9*c + 24 = 13*c. What is the greatest common factor of c and 48?
6
Let b(g) = 29*g**3 + g**2 - 2*g + 3. Let v